11165006
What is -7081012 (base 9) in base 10?
-3773315
What is 4322401 (base 5) in base 13?
275a0
Convert -313002332 (base 4) to base 10.
-225470
-383cbb (base 14) to base 10
-1931549
Convert b69860 (base 13) to base 11.
2461243
What is 13300120001 (base 4) in base 6?
111324425
Convert -3505146 (base 7) to base 8.
-1530774
Convert -4b38a (base 12) to base 7.
-604543
What is 2302442 (base 5) in base 12?
1b885
Convert -322080 (base 11) to base 2.
-1111101110001110001
Convert 40b562 (base 12) to base 6.
33431402
What is c9323 (base 14) in base 12?
1b5517
What is -11010110100001111111 (base 2) in base 14?
-18c339
What is -987946 (base 12) in base 7?
-26362650
-69a1a (base 11) to base 8
-305300
-3726598 (base 10) to base 5
-1423222343
What is 1000011011111101 (base 2) in base 15?
a38c
What is 5b772 (base 13) in base 9?
275712
Convert 12112100021 (base 3) to base 5.
11440441
What is -320136 (base 9) in base 8?
-563657
What is -10122013140 (base 5) in base 2?
-100111011101100101011011
What is 2170f (base 16) in base 10?
136975
10333300 (base 4) to base 3
1001001221
What is a4aa (base 14) in base 7?
145503
Convert -4031000422 (base 5) to base 11.
-4607618
What is -1121110010120 (base 3) in base 7?
-10161222
Convert 1a480 (base 11) to base 13.
cca1
Convert -6733612 (base 8) to base 2.
-110111011011110001010
What is -10c381 (base 14) in base 4?
-2023200331
What is -5802557 (base 9) in base 4?
-23330201320
What is -e0b4f (base 16) in base 13?
-262c1c
What is 84084 (base 9) in base 10?
55480
Convert -69236 (base 13) to base 4.
-232300202
-110a85 (base 11) to base 7
-1335010
Convert 830a16 (base 12) to base 2.
111110101100010110010
Convert -266720 (base 15) to base 2.
-111000010010010000011
Convert 220422010 (base 6) to base 3.
21102211211020
Convert -1135103 (base 8) to base 4.
-1023221003
-10111101110010111011 (base 2) to base 13
-212b03
What is 23132012130 (base 4) in base 7?
34362255
Convert 111100110000011 (base 2) to base 12.
16003
Convert 337022 (base 8) to base 16.
1be12
What is 25447b (base 15) in base 10?
1786391
What is 156523 (base 10) in base 13?
56323
Convert -13563 (base 14) to base 15.
-e210
-200355240 (base 6) to base 8
-14735410
What is 48904 (base 12) in base 5?
11114233
6c2cb1 (base 13) to base 14
4b1236
-2313332010 (base 5) to base 2
-10011111001000110100110
What is -102101121000201 (base 3) in base 10?
-6054364
What is 144455 (base 8) in base 15?
103d6
Convert -43413431 (base 6) to base 16.
-13ba7b
Convert -119462 (base 15) to base 6.
-30011115
975821 (base 14) to base 15
6b3630
Convert -1574a (base 11) to base 16.
-56b5
-122312223230 (base 4) to base 2
-11010110110101011101100
Convert 2410316 (base 9) to base 13.
369528
What is 7a512 (base 13) in base 12?
a8ab1
What is 11110011011110111000010 (base 2) in base 6?
443001110
1ad058 (base 16) to base 3
10022021112011
Convert -2327323 (base 8) to base 2.
-10011010111011010011
What is 120133023230 (base 4) in base 6?
345330232
Convert 7f682 (base 16) to base 15.
a4958
144c3c (base 13) to base 11
309a57
493447 (base 11) to base 9
1418573
Convert 1865152 (base 9) to base 5.
232000342
Convert -171a06 (base 14) to base 15.
-110666
Convert a182c (base 13) to base 5.
33223242
Convert -100001001110111001011 (base 2) to base 6.
-35201311
21200200001 (base 3) to base 14
3d258
What is -2321b8 (base 14) in base 12?
-498686
What is -7a3ea (base 15) in base 16?
-5ef9c
3221364 (base 8) to base 10
860916
-92db (base 16) to base 8
-111333
What is 342400201 (base 5) in base 3?
2212122021010
541455 (base 9) to base 6
10525252
What is -1615406 (base 8) in base 9?
-778701
What is -1488653 (base 11) in base 14?
-4a3337
6568e2 (base 15) to base 10
4831637
Convert 2372063 (base 8) to base 13.
19abcc
What is -4b62569 (base 12) in base 2?
-111000011111101010100001
-1404220233 (base 5) to base 16
-36b69d
-1001010000010011010 (base 2) to base 14
-7c734
27db0 (base 14) to base 12
49186
Convert -213a19 (base 15) to base 6.
-53523010
-47657 (base 11) to base 10
-68669
What is -117714 (base 10) in base 14?
-30c82
-163822 (base 11) to base 5
-31111012
What is 161776 (base 9) in base 3?
12001212120
Convert 467c6d (base 16) to base 2.
10001100111110001101101
What is -700845 (base 9) in base 13?
-1165b8
What is -610323 (base 10) in base 13?
-184a4c
What is 4470704 (base 8) in base 12?
4a3630
Convert 33221204 (base 5) to base 14.
7741b
What is 3075135 (base 8) in base 13?
2282a5
13333444332 (base 5) to base 2
1000001001101010001010101
Convert -32231020002 (base 4) to base 10.
-3854850
101002101102101 (base 3) to base 5
2333030443
-43c5bc (base 15) to base 4
-30110313021
-22101201102122 (base 3) to base 10
-4462523
-1011000011001101001111 (base 2) to base 4
-23003031033
Convert 112280 (base 11) to base 3.
100002002221
What is -1441231 (base 6) in base 16?
-14533
What is -112110221 (base 3) in base 16?
-293b
Convert -10001110001010011010011 (base 2) to base 4.
-101301103103
33de3 (base 15) to base 12
7b696
-9b357 (base 12) to base 4
-302110303
Convert 3414341322 (base 5) to base 6.
430203311
Convert 651405 (base 7) to base 14.
2d475
Convert 3a89a (base 12) to base 16.
13b76
What is -364a20 (base 13) in base 8?
-4742605
Convert -68483 (base 9) to base 7.
-246636
-442444033 (base 6) to base 2
-11110011001011110110101
Convert 6245890 (base 10) to base 9.
12668667
What is -366887 (base 10) in base 14?
-979c3
-1029855 (base 10) to base 13
-2a09a8
253115 (base 10) to base 16
3dcbb
What is -121223402 (base 5) in base 13?
-16c87b
What is -110002102020 (base 3) in base 7?
-2010516
Convert 201202010 (base 4) to base 16.
21884
Convert 1102001021020 (base 3) to base 12.
301466
Convert 4a77 (base 16) to base 14.
6d39
What is -1894 (base 11) in base 12?
-1482
Convert -b70b (base 15) to base 9.
-58082
Convert -10011011101101010011 (base 2) to base 8.
-2335523
Convert -980776 (base 14) to base 2.
-10011101001001000100100
Convert -f4b2 (base 16) to base 12.
-30302
Convert -11466416 (base 7) to base 10.
-1025093
211645 (base 8) to base 5
4224230
-536731 (base 8) to base 12
-87b89
Convert 122022211112000 (base 3) to base 15.
c1d61c
What is -41054 (base 7) in base 8?
-23402
1173632 (base 8) to base 14
868c2
What is -11000101001010011 (base 2) in base 16?
-18a53
-945310 (base 10) to base 6
-32132234
Convert 14b383 (base 15) to base 12.
402706
What is -10772177 (base 8) in base 12?
-957767
Convert 12457310 (base 8) to base 10.
2776776
What is -1121121011001 (base 3) in base 15?
-11e3e7
102232011 (base 5) to base 12
188ba8
What is 344200 (base 5) in base 3?
122001012
-1024326 (base 12) to base 6
-145014050
Convert -11201120323 (base 5) to base 14.
-193ca00
Convert -113017 (base 12) to base 10.
-274771
What is -42143312 (base 5) in base 12?
-14a548
Convert 15c5d (base 15) to base 5.
4222123
63e3 (base 16) to base 10
25571
Convert -265676 (base 8) to base 14.
-25d14
7881067 (base 11) to base 2
110100101011000011111011
3225522 (base 8) to base 2
11010010101101010010
What is -846886 (base 9) in base 7?
-4165422
10043300 (base 5) to base 3
11010012210
What is -c3b2b1 (base 15) in base 4?
-203133001210
Convert 1161224 (base 7) to base 4.
210131021
-260707 (base 13) to base 10
-915142
Convert -7c0519 (base 14) to base 15.
-587593
-7b6c (base 14) to base 2
-101001111010100
-5dab0e (base 16) to base 4
-113122230032
Convert 20101021300 (base 4) to base 3.
11002010010101
961059 (base 11) to base 8
5675214
Convert 518e9 (base 16) to base 11.
208a89
What is 2da81 (base 14) in base 3?
12211011121
Convert -21203012010 (base 4) to base 12.
-a08630
Convert 68580 (base 11) to base 14.
2820b
What is -1440223 (base 7) in base 15?
-3c9d1
What is -1872487 (base 10) in base 15?
-26ec27
Convert 2334124413 (base 5) to base 10.
5379983
12255 (base 11) to base 15
533a
What is 342142 (base 9) in base 3?
101102011102
What is 17746 (base 12) in base 3?
1201111100
Convert -11101011100010001 (base 2) to base 16.
-1d711
Convert 2224430 (base 6) to base 7.
645636
Convert 1061525 (base 8) to base 16.
46355
What is -428923 (base 10) in base 13?
-120301
Convert 314545 (base 7) to base 15.
11217
What is -2022242 (base 6) in base 14?
-27202
Convert 152244 (base 10) to base 7.
1202601
Convert 24412 (base 5) to base 14.
969
What is -4113314 (base 5) in base 3?
-10101111201
Convert -1